t + 27*j - 28*j - 7723, -2*j = -4. List the prime factors of t.
3, 5, 103
What are the prime factors of 3*(-3 + -5)*457/(-2)?
2, 3, 457
Suppose -86*c + 98*c - 13415 = 5221. What are the prime factors of c?
1553
Suppose -1950 = -4*b + 9730. Suppose -3*x + 4*h + b = 0, 7*x = 2*x - 4*h + 4856. List the prime factors of x.
2, 3
Suppose 1594137 + 1061930 = 43*u. List the prime factors of u.
19, 3251
Let i(t) = 4*t**3 - 275*t**2 - 38*t + 108. What are the prime factors of i(69)?
3, 7, 107
Let f(r) = -9*r - 171. Let q be f(-19). Suppose q = -5*m - 1 - 14, -m = 2*i - 209. List the prime factors of i.
2, 53
Let d(m) = -20*m + 2. Let x be d(0). What are the prime factors of (x/(-2))/((-12)/108)?
3
Let o(g) = 46*g**3 - 8*g**2 + 18*g + 7. Let m(d) = d**3 + 8*d**2 - 3*d - 21. Let l be m(-8). What are the prime factors of o(l)?
1231
Suppose 5*b = -0*d + 4*d - 1969, 2435 = 5*d - b. What are the prime factors of d?
2, 3
Let k be 27/(-18)*2/(-3) - -13. Suppose 0 = k*r - 5072 - 6576. What are the prime factors of r?
2, 13
Let w(j) = 1637*j - 1038. List the prime factors of w(6).
2, 3, 61
Suppose -3754 = d - 5*l - 17351, -4*d + 4*l = -54292. List the prime factors of d.
13567
Suppose 2*l = 5*j + 4479, 142*l = 137*l - j + 11130. List the prime factors of l.
17, 131
Let h(u) = u**2 - 28*u - 1412. What are the prime factors of h(-63)?
29, 149
Suppose 4*n - 4*q = 8612, 88*n - 3*q - 8616 = 84*n. List the prime factors of n.
3, 719
Suppose -z = 3*z - c - 154, 5*c + 185 = 5*z. Let m = 14 + z. What are the prime factors of m?
53
Let w(v) = -3*v**2 + 17*v + 30. Let h be w(7). Suppose 4*r + 5*c - 5975 = -1828, 2*r - 2078 = h*c. List the prime factors of r.
2, 3, 173
Let h(p) = -100 + 85 + 0*p - p - 4*p. List the prime factors of h(-6).
3, 5
Let m = -6185 + 12897. What are the prime factors of m?
2, 839
Let g(a) = -a**3 - 3*a**2 - 8*a + 10. Let n = 32 + -38. Let i be g(n). Suppose 2*u = -h + 6*u + 38, -3*h - u = -i. What are the prime factors of h?
2, 3
Let o(y) = -2*y**2 - 13*y - 4. Let k be o(-6). Suppose -371 = k*t - 4097. What are the prime factors of t?
3, 23
Let c = -24727 - -35181. What are the prime factors of c?
2, 5227
Let o = 1263 + 3278. What are the prime factors of o?
19, 239
Let j be 1147 + -9*5/15. Suppose 3*z + j = 6*z + 5*u, u - 1160 = -3*z. What are the prime factors of z?
2, 97
Suppose 6*f - 379 = -91. Let q = -63 + f. What are the prime factors of -9*205/q*2?
2, 3, 41
Let t(g) = g**3 + 99. Suppose 7*v - 4*v = 0. Let a be t(v). Let j = -64 + a. What are the prime factors of j?
5, 7
List the prime factors of (((-4851)/12)/7)/(297/(-84744)).
2, 7, 11, 107
Let w(b) be the second derivative of -3*b + 2/3*b**3 - 39/2*b**2 + 0. List the prime factors of w(16).
5
Let t(s) = -s + 13. Let z be t(9). Suppose 5*y = z*u + 9 + 2, -u = -5*y - 1. What are the prime factors of -3*(249/9)/y?
83
Let r be (-840)/(-147) + 2/7. List the prime factors of (1252/12 - 5)/(4/r).
149
Let h = -718 + 24. Let r = 1248 + h. What are the prime factors of r?
2, 277
Let a = -308 - -2247. What are the prime factors of a?
7, 277
Let t = 10051 - 3465. List the prime factors of t.
2, 37, 89
Suppose -447 + 8084 = t + 2*u, -3*u = 5*t - 38206. What are the prime factors of t?
7643
Let n(p) = 1692*p**2 - 13*p + 28. List the prime factors of n(2).
2, 5, 677
Let g = 29652 - -2445. List the prime factors of g.
3, 13, 823
Suppose -79280 = -3*t + 16*j - 21*j, -4*j = 2*t - 52850. List the prime factors of t.
5, 17, 311
Let u = 68 + -62. Let z be (u/3 - 3) + (-9)/3. Let k(f) = f**3 + 9*f**2 + 4*f + 17. What are the prime factors of k(z)?
3
Let y = 160 + -92. Let t = y + -75. What are the prime factors of (150/21)/(t/(-49))?
2, 5
Let c(y) = 202*y**2 - 234*y - 87. What are the prime factors of c(12)?
3, 8731
Suppose 1690 = -173*k + 850601. List the prime factors of k.
7, 701
Suppose 0 = -256*m + 245*m + 99. Let z be -1 + (-1938)/(-2) + -1. Suppose -m*k + z = -977. List the prime factors of k.
2, 3
List the prime factors of 96/12 - -31249 - -7.
2, 977
Let o = -61 + 57. What are the prime factors of (12/o)/((-4)/72)?
2, 3
Let u = -327 + 248. Let m = u - -477. What are the prime factors of m?
2, 199
List the prime factors of -5*1*(-2 - (-24088)/(-40)).
3, 19, 53
Let m = 76 - 82. Let t(b) = -67*b - 26. What are the prime factors of t(m)?
2, 47
Suppose -11*t + 510 = -403. Let a = 123 - t. Let u = a + -14. What are the prime factors of u?
2, 13
Let d be 16/(-6)*(36 + -39). List the prime factors of (((-280)/(-3))/d)/(4/132).
5, 7, 11
Let r(i) = -266*i + 1325. What are the prime factors of r(-21)?
6911
Let u be 3 + ((-4)/2 + -7)*83. Let h be u/(-10) - (-4)/(-30)*3. Suppose x - 4*l = h, 2*x + 2*l + 20 = 178. List the prime factors of x.
2, 3, 13
Let z be -11*1*5/(-5). Let m(j) = j - 8. Let v be m(z). Suppose f + 0*f = 4*b - 68, -2*b + v*f + 44 = 0. List the prime factors of b.
2
Suppose -542 = -b + 293. Suppose -b = -2*l - 185. What are the prime factors of l?
5, 13
Let o = 154 - 163. Let v(d) = -3*d**2 + 19*d + 21. Let f(m) = -4*m**2 + 20*m + 21. Let n(u) = 4*f(u) - 5*v(u). List the prime factors of n(o).
3, 11
Suppose -346*j + 372*j = 143780. What are the prime factors of j?
2, 5, 7, 79
Let i(m) = 1954*m - 598. What are the prime factors of i(5)?
2, 2293
List the prime factors of (-88997288)/(-1276) - (-2)/(-22).
3, 67, 347
Suppose 0 = -2*d + 913 + 23. Let a = -270 + d. Suppose 2*w + 3*b - a = 0, 2*b - 476 + 88 = -4*w. List the prime factors of w.
2, 3
Suppose -3*j - 4*a - 21 = 0, 3*j + j + 2*a = -18. Let c = 599 - j. What are the prime factors of c?
2, 7, 43
Let f(p) = 1135*p**2 + 37*p - 74. List the prime factors of f(2).
2, 5, 227
Suppose 4*c + 20 = -2*m, -4*m - 2*c + c = 19. Let h be 38/14 + m/(-14). List the prime factors of (-855)/((-15)/h) - -4.
5, 7
Let r = -267 - -181. Let l = r + 84. What are the prime factors of (4/l)/6*-267?
89
Let c = 104 + -23. Let l = -4203 + 4208. What are the prime factors of c - (3 + l/((-5)/2))?
2, 5
Let x(z) = 647*z**2 + 52*z - 24. What are the prime factors of x(6)?
2, 3, 5, 131
What are the prime factors of 3*(16478/6 + -11)?
2, 11, 373
Let m(q) = -41*q**3 - q**2 - 27*q + 39. List the prime factors of m(-7).
2, 7121
Suppose -3*c = -2*m + 76, -6*m = 3*c - 3*m + 66. Let u(z) = -67*z - 94. What are the prime factors of u(c)?
2, 757
Let a(z) = z**3 - 13*z**2 - 13*z - 13. Let v be a(14). What are the prime factors of (v/1)/(43605/6228 - 7)?
2, 173
Let c be 42*-1 - (-4 + 6). Let g be -10*-3*c/16*-2. Let f = g - -65. What are the prime factors of f?
2, 5, 23
Suppose -10 = -4*i + 3*r, -3*i + 4 = -i - 2*r. Suppose d - 403 = -3*z, -d = i - 2. List the prime factors of z.
3, 5
Suppose 0 = -3*i + s - 149, -5*i - 2*s - 254 = 2*s. Let a = i + 49. List the prime factors of 100/450 + a*1438/(-9).
2, 5
Let p(d) = d**3 + 3*d**2 - 2*d - 3. Let f be p(-4). Let a(h) = h**2 + 10*h - 6. Let w be a(f). Suppose w*u + 3*u - 520 = 0. What are the prime factors of u?
5, 13
Let q = -337 + 339. Suppose 5*z + 11 + 9 = 0, -q*z - 1282 = -2*k. List the prime factors of k.
7, 13
Suppose 6*h + 165 = -5*h. Let n(c) = 3*c**2 - 33*c - 21. List the prime factors of n(h).
3, 383
Let x(f) = 75*f**3 - 12*f**2 - 52*f + 425. What are the prime factors of x(8)?
3, 12547
Let c(f) = 13*f**3 + 22*f**2 + 7 + 8*f**2 - 12*f**3 + 41*f + 22. List the prime factors of c(-28).
449
List the prime factors of (0 - -327) + (-43)/((-43)/8).
5, 67
Let y = 231 - 159. Suppose -5*n - y - 3 = 0. List the prime factors of (-10)/n - ((-320)/6)/1.
2, 3
Let k(h) = -3*h**3 + 2*h**2 - 2*h - 5. Let r be k(4). Let d(y) = 6*y**2 - 7*y - 19. Let b be d(-4). Let l = b - r. What are the prime factors of l?
2, 139
Suppose 3*w - 2*w - 5*o + 13 = 0, -3*o = 4*w + 6. Let u be 0 - -2 - 1*w - -3. What are the prime factors of (-5 - (-508)/u)*(-8)/(-3)?
2, 3, 13
Let g(w) = 2*w**2 + 11*w + 3. Let j be g(-5). Let v be (4234/18 - j) + (-10)/45. Suppose 0 = -s - 2*s - c + v, 5*c = 15. List the prime factors of s.
2, 3, 13
Let m = -987 - -3528. List the prime factors of m.
3, 7, 11
Suppose -107*y + 2398866 = -10*y - 1200901. What are the prime factors of y?
17, 37, 59
Let p(j) = -j**2 + 8*j - 14. Let i be p(4). Let y be i/(2*(0 - 4/(-16))). Suppose -x - 346 = -0*o - 5*o, -y*x = -2*o + 124. List the prime factors of o.
2, 5, 7
Suppose -2*i + 5*i + 16 = -4*